1
(-7 + (-5 - -20) - 20) + 1
-11
What is 10 + (6 - -3 - 2) + (10 - 17)?
10
Evaluate 7 + -21 + -4 - (0 + -6).
-12
-3 - ((5 - 1) + (10 - -4) + -16)
-5
What is the value of 13 + 18 + -17 - 16?
-2
What is (6 - 10) + -5 - -5 - (-1 - -2)?
-5
-20 + 41 + -61 + 11 + 2
-27
What is the value of 6 - (-2 - -3) - (-82 + 73)?
14
What is the value of -22 - (-2 - 0) - 4 - (155 - 153)?
-26
What is 142 + -118 - (2 + 15)?
7
Evaluate -7 + 1 - (73 - (14 + 33)).
-32
Evaluate (-9 - 15 - -18) + 8 + 0 + -2.
0
What is the value of (10 - 45) + 48 + (-2 - (-2 + 1))?
12
What is 14 - (12 - (14 + -15))?
1
(-6 - (9 + -16 - -1)) + 7
7
Calculate 10 - 4 - (-8 - (-24 - (-5 - -5))).
-10
Calculate (17 - 14) + -16 + 1.
-12
-2 - (5 - (8 - -3) - -14)
-10
What is 16 - 12 - -11 - 25?
-10
Evaluate -1 + -1 + (1 - (-9 - -9 - -2)).
-3
What is (-3 - -1) + 8 + -6 + -8 + 14?
6
Evaluate 3 + -8 - ((6 + -6 - 4) + -1).
0
What is -24 + 0 + (-647 - -664)?
-7
What is -10 + 6 + -5 + -1 + 12?
2
(-6 + -1 - -4) + 2 + -3 + 23
19
What is -24 + 25 + -12 + 7?
-4
-1 + -7 - (0 - (0 + -1)) - -7
-2
-27 - -22 - 4 - -13
4
What is the value of -18 + -16 + 17 + 32?
15
Calculate (56 - 0) + 824 + -857.
23
Evaluate -11 - (-8 - (3 + 6)).
6
Calculate -2 + (1 - -12) + 2.
13
What is the value of 6 + -25 + (18 - -15)?
14
What is (0 - -5) + (142 - 147)?
0
Evaluate (4 + 0 - -23) + (-14 - 1).
12
What is 8 + -13 + -2 + 3?
-4
Evaluate 1 - (11 + -41 - -29).
2
Evaluate -4 - (-3 + -3 - -2) - 13.
-13
Calculate -27 + (-8 - (-28 - 0)).
-7
Calculate 1 + -4 + (1 - 11) + -1.
-14
(-41 + 38 - -25) + -54
-32
-4 - -2 - (33 - 38) - (-6 + 12)
-3
What is -24 - 20 - -59 - (13 - -1)?
1
What is -7 + -2 + 13 + (7 - -3)?
14
What is the value of (0 - -21) + (-323 - -281)?
-21
(-1141 - -1146) + (7 - (0 + 1))
11
Evaluate (-1133 - -1147) + (6 - 1).
19
Calculate -8 - (-7 + -17 - -4).
12
What is -5 + (1 - (-2 - (-1 + -1))) + -5?
-9
Evaluate (-13 - (3 + -2)) + (251 - 242).
-5
Evaluate -10 + (17 - 13) + 11 + -33.
-28
(-5 - 2) + (17 - 13) - -9 - -6
12
Calculate 5 + -31 + 7 - (13 + (-6 - 4)).
-22
Calculate -25 - (50 + -26 - 47).
-2
Evaluate -2 + 3 + (-2 - -5 - (0 - 3)).
7
Evaluate (-17 - (-17 + 8)) + -4 + 7 + -1.
-6
What is 6 - (3 - (19 - 24))?
-2
Evaluate -1 - -11 - (86 - 94).
18
(7 - 3 - 4) + -18 - (-5 - -7)
-20
What is 13 + -15 + 10 - (-1 + 0)?
9
What is the value of -42 - (-5 - 51) - (-2 - -1)?
15
What is (-4 - (11 + 6)) + 24?
3
Calculate 2 + (0 - 6) + -2 + (36 - 42).
-12
Calculate 5 - 5 - (-14 - -16).
-2
Evaluate -7 - (2 + (14 - (6 - (3 - 5)))).
-15
-2 + (5 - 3) + 10 + -13 + -4
-7
Evaluate (12 + (-8 - -3) - -4) + -8.
3
What is the value of 1 + -5 - (24 + -36)?
8
34 - (40 - 14 - 4) - (0 + 0)
12
-8 + -2 - 3 - -3
-10
What is the value of 11 + -8 + 0 + 4 + (-3 - -2)?
6
Evaluate 24 - 1 - (201 + -181).
3
Evaluate (12 - 2) + (0 - 1).
9
Evaluate 24 - (-7 - -21) - (10 + 1).
-1
What is the value of 2 - (-16 - (-16 + 0))?
2
Evaluate (38 - 12) + -29 + (1 + -1 - 3).
-6
Evaluate (-1 - (7 - 7 - 7 - -3)) + 5.
8
-1 + (16 - (6 - 4))
13
What is the value of -5 + 1 + 2 + 1 + -7 + 1?
-7
Calculate (17 - 31) + (5 - 0 - 12).
-21
Calculate 12 - 0 - (15 + -30 - -18).
9
What is 20 - (13 - -5) - (10 - (7 - 7))?
-8
What is the value of (-26 - (18 + -28)) + 0?
-16
Calculate (-59 - -23 - -32) + 30.
26
(11 - -13) + -10 + 4
18
Calculate 10 - (5 - 3) - 17.
-9
What is (-5 - -2) + (1 - (-6 - (-11 + -1)))?
-8
What is -25 + (-28 + 10 - -40)?
-3
What is (-7 - -13) + -6 - 2?
-2
20 + -12 + (-35 - 5)
-32
What is 5 - (15 + -4 + (47 - 32))?
-21
Evaluate -35 - -24 - (2 - (-3 + 1)).
-15
What is 48 + -20 + -20 + (-11 - -1)?
-2
What is (-1 - -13) + (29 + -61 - -8)?
-12
Evaluate -5 - (3 + -19 + 13).
-2
Calculate 10 + -14 + 15 - (-2 + 1).
12
Calculate -11 - ((13 - -2) + -12 + -10).
-4
Calculate -26 + 40 + 8 + -7.
15
Calculate 9 - -1 - (59 + (-62 - 9)).
22
What is the value of 0 + 2 + 298 + -309?
-9
Evaluate 16 - (22 + (6 - 2)).
-10
Calculate 3 - (-33 - -30 - (-2 + 1) - -5).
0
What is the value of 4 + (3 - (-3 - -1 - (25 + -26)))?
8
Evaluate -6 + 6 + (13 - 22).
-9
Calculate -3 + (-12 + (17 - 8) - 3).
-9
What is the value of -2 + 8 - (-13 + 8) - (6 - -1)?
4
Evaluate -32 + (-5 - -6) + 2 - (-113 - -109).
-25
(-10 - (17 + -16 - 7)) + -6 + 0
-10
What is (-4 - -2 - 1) + -3?
-6
What is -7 + 17 + 0 - 20?
-10
Calculate (13 - (14 - -4)) + (-12 - (-1 - 2)).
-14
11 - (5 - ((-3 - -3) + 3))
9
11 + 2 - (-16 + 11 - -13)
5
10 + 23 + (-40 - 12)
-19
-17 + (10 + 2 - 2) + 0
-7
What is the value of (4 - (-16 + -3)) + (-97 - -86)?
12
What is (-32 - (-21 - -11)) + 7 - 0?
-15
What is the value of 2 + 4 - -2 - (-80 - -78)?
10
What is -9 - (14 - (7 + 1) - 10)?
-5
Evaluate (13 - 3) + (-2 - 20) + -3.
-15
What is 15 + 2 + -4 + (239 - 260)?
-8
What is the value of 1 - (1 + 6 - -8 - 8)?
-6
Evaluate -9 + 34 - (-12 + 30) - 12.
-5
What is the value of -2 + (0 - (5 + -14)) - (-20 - -16)?
11
What is -3 - -30 - (17 + -1)?
11
What is the value of 28 - (60 - (43 + -20))?
-9
What is the value of (-5 - (-2 - 4)) + 1 + (-5 - 3)?
-6
What is the value of -11 + (-88 - -97) + 1 + (-2 - -3)?
0
What is (6 - 7 - -20) + -22?
-3
What is the value of -12 - -18 - (-5 - ((-4 - 7) + 9))?
9
(6 - (7 + -7 + 9) - 5) + 4
-4
What is the value of -1894 + 1844 + 0 + 38?
-12
What is the value of (12 + -12 + -2 - 0) + -15?
-17
Calculate (1 - -1) + (-4 + 24 - 5) + 5.
22
What is 1 + 6 + -7 + -5 + 7?
2
10 + 18 + -35 - (-2 + 2)
-7
What is -15 + 17 - (36 - 1)?
-33
What is the value of (4 - -16) + (134 - 133)?
21
Calculate (10 - -2) + 50 + -29.
33
What is 5 + 18 + -17 - -2?
8
What is the value of -3 + 17 + -31 + 13?
-4
Evaluate 15 + -23 + (11 - 10).
-7
-18 + -1 - (-14 + (-14 + 12 - -24))
-27
What is the value of -4 + (-3 - (-2 - 0) - (241 - 247))?
1
Calculate -15 + 0 + 490 + -464.
11
Evaluate (10 + -7 - -13) + -13.
3
Evaluate 17 - (-2 + -6 + 13).
12
What is -2 - -29 - (-43 - -94)?
-24
What is the value of 5 + -10 + 5 + -11 + 13 - -14?
16
Evaluate -3 + -4 - (9 - (-7 + 9 + 7)).
-7
-47 + 29 - (1 - 1 - (13 - 7))
-12
What is 12 + (-5 + -4 + 9 - 4 - 0)?
8
Calculate (-518 - -519) + (1 + -3 - 2).
-3
Calculate (-4 + (3 - 10) - -4) + 4.
-3
Calculate -10 + 16 + -13 + 15.
8
2 - (4 - 2) - (1071 + -1035)
-36
What is the value of 1 + 24 + (-11 - (-7 + 13))?
8
9 + -4 + 4 - (12 + -10) - 20
-13
Calculate 27 + -25 + 1 + (-2 - -2) - -1.
4
What is the value of 0 - -2 - (3 + -10 + 6 - -6)?
-3
Evaluate (1 - -8) + (-87 - -89) - 7.
4
What is the value of 25 + -16 - ((-8 - -3) + 0)?
14
Calculate 8 - ((0 - 57) + 35).
30
Calculate (-6 - (-7 - (6 - -7))) + -4.
10
61 + -11 + -31 - (3 + 8)
8
8 - -1 - -30 - (35 + -24)
28
What is the value of -3 + 12 + (-3 - 31 - -13)?
-12
What is -8 - (17 - (-35 - -43))?
-17
What is 2 - (-1 - 13) - (1105 - 1113)?
24
What is 7 - (2 + -4) - (-45 + 29)?
25
What is -16 - (-16 - 2) - 3?
-1
What is the value of 2 - (-3 + 16 + -13)?
2
-94 + 99 - ((8 - (-1 - 0)) + 1)
-5
-32 + -5 - (-174 - -169)
-32
Evaluate (0 - 11) + 963 + -937.
15
What is the value of 4 + -4 + -2 + 1 + (-1 - -13)?
11
What is the value of 68 - (2 - -48) - (7 + -1)?
12
What is the value of (-26 - (-5 - 41)) + -25?
-5
Calculate -20 + (-19 - ((18 - 27) + -19)).
-11
Calculate -1 + 3 + 10 + 0 + 1.
13
Evaluate (3 - 1) + (-13 - -29 - 47 - -9).
-20
What is the value of (-9 - 8) + 7 + 7 + 16?
13
What is -5 - (-2 - 4 - (-2 + 2 - -8))?
9
14 - (42 - (33 - 35))
-30
What is (5 - -1 - 1) + -18 + 10 + 13?
10
Calculate (4 - 3) + -5 + (-4 + -3 - -4).
-7
What is the value of 0 + 20 + 40 + (-119 - -63)?
4
Evaluate 21 - (9 - 32) - 37.
7
Calculate 11 + -20 + 4 + 11 + -18 + 1.
-11
Calculate -8 + 16 + -9 + -6 + 24.
17
Evaluate (139 - 151) + -2 + 5.
-9
Evaluate -1 + -5 - (-5 - (-8 + -6 + 10)).
-5
Calculate (-13 - -8 - -9) + (-2 - 0 - -13).
15
What is (0 - -8) + -11 + -4 + -3 + 0?
-10
-19 - (45 - 50) - (3 - -1)
-18
What is the value of -22 + 2 + 18 + -20 - -9?
-13
Evaluate (1 - -2) + (9 - 12 - 3 - 11).
-14
Calculate (-21 - (7 + -8)) + 11.
-9
Evaluate (7 - 3) + (1 - (12 - 10)).
3
Evaluate 17 + -3 + 2 + 2 + -1 + 7.
24
What is -56 + 36 - (-6 - 11)?
-3
(-1 - -17 - 8) + (0 - 5) - 1
2
Calculate 5 + 0 - (-12 + 12 + (-2 - -8)).
-1
What is the value of -23 + 24 + 33 + -60?
-26
What is -22 + (5 - (6 - (0 + 10)))?
-13
What is the value of -14 - -1 - (-7 - -12 - 12)?
-6
44 + (15 - 53) + 32
38
What is the value of 11 + (-13 - (-3 - 2))?
3
What is